or of c and k.
10
Suppose 3*c = -3*c + 648. Let b(z) = 3*z**2. Let q be b(-2). What is the highest common divisor of q and c?
12
Suppose -39*w = -49*w + 6960. Calculate the highest common divisor of 48 and w.
24
Suppose -3*r + 28 = -11. Let p = -2 + r. Calculate the highest common factor of 77 and p.
11
Suppose 3*z = 6*z - 9. Suppose 0*o - z*l - 39 = -4*o, -l = -o + 9. Suppose 4*n = -4*s + 32, -82*s + 13 = n - 80*s. What is the highest common factor of o and n?
3
Suppose -6*t - 4 = -7*t. Let l be 3 + (1 - t - -6). What is the greatest common factor of 12 and l?
6
Suppose v - 4*w = -3, -4*v + 6 = -4*w - 6. What is the highest common divisor of 1 and v?
1
Let c be 4*-7*138/(-168). What is the highest common divisor of c and 2323?
23
Suppose 6*q = -116 + 140. Calculate the highest common factor of 396 and q.
4
Suppose 0*i + 6 = 4*w + 3*i, -17 = -3*w + 4*i. Let x = 11 + w. Calculate the highest common divisor of x and 7.
7
Suppose 4*f + 2*g = -3*g + 37, 0 = 2*g - 2. Let a = -86 + 143. Suppose -d + a = l, 0 = -3*d - l + 2*l + 167. What is the greatest common factor of d and f?
8
Let x = 262 + -126. Let o = -29 - -65. Suppose -2*f = 2*g - o + 6, 2*g = -4. Calculate the highest common divisor of x and f.
17
Let y = -11 - -9. Let q be y/2 + -3 + 12. Let w = -99 - -187. Calculate the greatest common divisor of q and w.
8
Let d(x) = 13*x**2 - 1. Suppose 0 = -2*w - w - 3. Let z be d(w). Let p(g) = -g. Let m be p(-4). Calculate the greatest common divisor of z and m.
4
Let o = -1121 - -1408. Calculate the greatest common divisor of o and 123.
41
Suppose -q - 6 = -11, z - 58 = q. What is the greatest common factor of 6 and z?
3
Suppose 3*m - 52 = 32. Let o = 30 - m. Let f(v) = v**3 + 6*v**2 - 6*v + 10. Let u be f(-7). Calculate the greatest common divisor of o and u.
1
Let a = -30 - -31. Let v be (a - -4)/(11/242). What is the highest common divisor of v and 10?
10
Suppose -5*z = -3*z. Suppose -b + 51 + 17 = z. Let q be ((-4)/5)/((-8)/340). Calculate the greatest common divisor of q and b.
34
Suppose 5*l = 3*p, -l - 2*p = -10 - 3. Suppose -5*n - 5*i = -90, -n + 9 = 3*i - 3. Calculate the greatest common factor of l and n.
3
Let c(m) = 7*m**2 + 18*m - 49. Let d be c(3). Calculate the highest common divisor of 85 and d.
17
Suppose -2*i - 211 = -4*u - i, -4*u + 236 = 4*i. Suppose 41 - 5 = t. Calculate the greatest common divisor of t and u.
18
Let p be (-7)/4 + (-10)/40. Let j be ((-26)/8)/(165/84 + p). Calculate the greatest common divisor of j and 13.
13
Let s(h) be the second derivative of h**5/20 - 5*h**4/12 + h**3/6 + 7*h**2/2 + 11*h. Let x be s(7). What is the greatest common factor of x and 14?
14
Let j(c) = -58*c - 5 + 42*c - 100*c + 4. Let y be j(-1). What is the highest common divisor of y and 46?
23
Let s be (-4)/20 + (-2244)/(-20). Let l(c) = 5*c - 4. Let b be l(4). Calculate the greatest common divisor of s and b.
16
Let f(m) = m - 13. Let k be f(9). Let g be -44*k/4 - -1*1. Let y = -8 - -17. What is the highest common divisor of g and y?
9
Let z(b) = b**2 - 8*b - 5. Let o be z(9). Suppose -2*l - 30 = -k, 4*l = o*k + 3*l - 134. What is the greatest common factor of 374 and k?
34
Let q(l) = -l**3 - 11*l**2 - 6*l + 10. Let v be q(-7). Let k = -29 - v. What is the greatest common divisor of 23 and k?
23
Let k = -49 - -69. Suppose -2*f - 22 = -5*h + 26, 6 = h - 4*f. Suppose -v = -h*v + 36. What is the highest common factor of v and k?
4
Let h be 7/(-2)*(-90)/(-21)*-1. What is the greatest common factor of 60 and h?
15
Suppose -31*g - 170 = -26*g. Let f = g - -64. What is the greatest common divisor of f and 30?
30
Suppose 3*s = -s. Let f = -16 + 40. Suppose -r + 0 = 2*j - f, r - 5*j - 38 = s. What is the highest common factor of 7 and r?
7
Let p(b) = 9*b**2 - 2*b + 3. Let y be p(2). Suppose 5*q - 10*q = -y. What is the greatest common factor of q and 49?
7
Suppose -2*h = 3*t, 4*h + h + 15 = 0. Suppose -t*l = 24 - 62. What is the greatest common factor of l and 133?
19
Suppose 65*z = 70*z - 135. Suppose 672 = -6*a + z*a. Calculate the greatest common divisor of 24 and a.
8
Let c = -796 + 926. What is the greatest common divisor of c and 26?
26
Let j(l) = -164*l - 25. Let s(a) = -41*a - 6. Let u(c) = -2*j(c) + 9*s(c). Let x be u(-1). Calculate the highest common divisor of x and 296.
37
Let k be (24/(-20))/((-3)/(-45)). Let q be (-50)/(k/(-22) + -1). Let m = -75 + q. Calculate the greatest common factor of 25 and m.
25
Let w(z) = 19*z**3 - 4*z**2 + 2*z + 4. Let t be w(2). Calculate the highest common factor of 27 and t.
9
Suppose 0 = -110*c + 104*c + 132. What is the greatest common divisor of 4 and c?
2
Suppose -3*f = 5*b - 289, 27*b = 24*b + 4*f + 185. What is the highest common divisor of b and 649?
59
Let b(x) = 2*x**2 - 16*x - 160. Let j be b(14). Suppose -5*v - 2*a = 20 - 130, -5*a = 2*v - 23. Calculate the greatest common divisor of v and j.
8
Let c(p) = p**2 + 10*p + 8. Let w be ((-24)/14)/(10/(-35)). Let x be c(w). What is the highest common factor of x and 13?
13
Let g = 1 + 3. Let y(x) = -6 + 3*x**2 + 0*x - 11*x - 4*x**2 - g. Let a be y(-9). Calculate the greatest common factor of 1 and a.
1
Suppose -3*a = -n + 544, -7*n + 3*n + 2204 = 2*a. What is the greatest common divisor of 50 and n?
50
Suppose -5*k + 2 = -6*k. Let t be 1 - (24/4)/k. Suppose t*m + 2*x = 96 + 12, -3*x = 2*m - 54. Calculate the highest common factor of 9 and m.
9
Suppose 5*h + 47 = -2*j, h + 2*j + 2 + 1 = 0. Let t = h - -26. Suppose -11*q + 23*q = 1440. Calculate the greatest common divisor of q and t.
15
Suppose -60 = -2*d - 3*d. Let v(n) = 2*n + 62. Let x be v(-19). What is the highest common factor of x and d?
12
Suppose 0 = -5*d + 20, -23 - 8 = -3*v + 5*d. Suppose v = 2*r - 93. Calculate the highest common factor of 11 and r.
11
Suppose 19 + 1 = 5*d. Let x be d - ((1 - 2) + 1). Suppose 2*i = 5*a - x*a - 18, 36 = 2*a + 5*i. What is the greatest common divisor of a and 144?
18
Suppose -26*o - 66*o = -644. Calculate the highest common divisor of 343 and o.
7
Suppose -2*y + 6 = x - 4*y, -4*y = 5*x - 16. Let n = x - 2. Suppose -3*m + 51 = -15. What is the highest common divisor of n and m?
2
Suppose -4*k + 3*d + 109 = 0, -4*k + 115 = 25*d - 30*d. What is the highest common divisor of k and 1675?
25
Let d = 16 + -10. Let t(q) = -5*q + 3. Let j be t(-8). Let y = -13 + j. Calculate the highest common factor of y and d.
6
Let w(m) = m**2 + m + 21. Suppose 2*g + 4*j = -j - 10, j = -2*g - 2. Let h be w(g). What is the greatest common factor of 231 and h?
21
Suppose -5*s - 19 = -z - 4*s, 3 = -s. Let q = -67 + 107. Calculate the highest common divisor of z and q.
8
Let c be 4/(-3) - (-10)/(-15). Suppose -32 = -4*v + 2*u, 4*v + u + 0*u - 32 = 0. Let j = v + c. Calculate the greatest common divisor of 2 and j.
2
Let i(d) = 25*d - 4. Let a be i(6). Suppose a + 14 = 2*r. Calculate the greatest common divisor of 10 and r.
10
Let u = 17 - 3. What is the highest common factor of u and 140?
14
Let i(c) = c**2 - 36*c + 482. Let r be i(16). Suppose 5*q + 4*b = 82, -3*b - 2*b + 44 = 3*q. What is the greatest common divisor of q and r?
18
Let z = 1085 - 985. Calculate the highest common factor of z and 140.
20
Let m(j) = 9*j - 2. Suppose -r - 4*r = -25. Let c = -1 + r. Let s be m(c). Calculate the greatest common factor of s and 51.
17
Let t be (-18)/(-5)*(-3)/(-10)*25. What is the greatest common divisor of t and 432?
27
Suppose -5*a + 83 = 28. Let b(y) = 3*y**2 + 3*y - 5. Let f be (-80)/(-15) - (-2)/3. Let p be b(f). What is the highest common factor of a and p?
11
Suppose 2*n - 1466 = -q, n - 2*q - 329 = 399. Calculate the highest common divisor of n and 12.
12
Suppose 3*v = -2 + 17. Suppose v*w = 31 + 14. Calculate the highest common factor of 1 and w.
1
Suppose -4*t + 298 = 5*i, i = 5*t - 0*i - 358. Let r(f) = 5 + 32*f - 6 - 70*f + 35*f. Let b be r(-3). Calculate the highest common factor of t and b.
8
Let z(t) = 3*t**3 - 109*t**2 - 71*t - 48. Let g be z(37). What is the highest common divisor of 1008 and g?
63
Let z(w) = -20*w. Let x be z(-2). Suppose 5*u - m = 5, -3*u + 16 = 3*m - m. Let k be (-387)/(-81) - u/(-9). What is the greatest common divisor of k and x?
5
Let w be 2 - 2 - (0 - 110). Let a be 12*-3*(-4)/24. Suppose -6*y + 54 = -a. What is the greatest common factor of w an